{"id":1991,"date":"2024-11-27T13:40:53","date_gmt":"2024-11-27T12:40:53","guid":{"rendered":"https:\/\/hakansonunited.se\/athletes\/tara-babulfath\/"},"modified":"2025-02-04T13:13:18","modified_gmt":"2025-02-04T12:13:18","slug":"tara-babulfath","status":"publish","type":"athletes","link":"https:\/\/hakansonunited.se\/sv\/athletes\/tara-babulfath\/","title":{"rendered":"Tara Babulfath"},"content":{"rendered":"\n<p>Tara Babulfath \u00e4r dotter till den iransk-f\u00f6dda svenska brottaren Mohammad Babulfath, som t\u00e4vlade i sommar-OS 2004 i Aten, samt den svenska brottaren Ida Hellstr\u00f6m, som har vunnit flera medaljer vid v\u00e4rldsm\u00e4sterskapen i brottning. Tara Babulfath t\u00e4vlar f\u00f6r Sverige i judokategorin under 48 kilo och har flera medaljer fr\u00e5n juniorv\u00e4rldsm\u00e4sterskapen och junior-europeiska m\u00e4sterskapen.<\/p>\n\n<p>Under seniorv\u00e4rldsm\u00e4sterskapen i judo 2024 vann Tara brons trots att hon fortfarande var junior, och vid OS 2024 i Paris fick hon sitt stora genombrott n\u00e4r hon tog hem bronset, vilket blev Sveriges f\u00f6rsta olympiska medalj i judo.<\/p>\n\n<p>H\u00e5kanson United hanterar Taras kommersiella r\u00e4ttigheter och samarbeten. V\u00e4nligen kontakta oss f\u00f6r f\u00f6rfr\u00e5gningar om Tara Babulfath.<\/p>\n\n<div class=\"wp-block-buttons is-layout-flex wp-block-buttons-is-layout-flex\">\n<div class=\"wp-block-button\"><a class=\"wp-block-button__link wp-element-button\" href=\"https:\/\/hakansonunited.se\/sv\/kontakt\/\">Kontakta oss<\/a><\/div>\n<\/div>\n","protected":false},"excerpt":{"rendered":"<p>Tara Babulfath \u00e4r dotter till den iransk-f\u00f6dda svenska brottaren Mohammad Babulfath, som t\u00e4vlade i sommar-OS 2004 i Aten, samt den svenska brottaren Ida Hellstr\u00f6m, som har vunnit flera medaljer vid v\u00e4rldsm\u00e4sterskapen i brottning. Tara Babulfath t\u00e4vlar f\u00f6r Sverige i judokategorin under 48 kilo och har flera medaljer fr\u00e5n juniorv\u00e4rldsm\u00e4sterskapen och junior-europeiska m\u00e4sterskapen. Under seniorv\u00e4rldsm\u00e4sterskapen i [&hellip;]<\/p>\n","protected":false},"featured_media":1819,"template":"","class_list":["post-1991","athletes","type-athletes","status-publish","has-post-thumbnail","hentry"],"yoast_head":"<!-- This site is optimized with the Yoast SEO plugin v27.3 - https:\/\/yoast.com\/product\/yoast-seo-wordpress\/ -->\n<title>Tara Babulfath - H\u00e5kanson United<\/title>\n<meta name=\"robots\" content=\"index, follow, max-snippet:-1, max-image-preview:large, max-video-preview:-1\" \/>\n<link rel=\"canonical\" href=\"https:\/\/hakansonunited.se\/sv\/athletes\/tara-babulfath\/\" \/>\n<meta property=\"og:locale\" content=\"sv_SE\" \/>\n<meta property=\"og:type\" content=\"article\" \/>\n<meta property=\"og:title\" content=\"Tara Babulfath - H\u00e5kanson United\" \/>\n<meta property=\"og:description\" content=\"Tara Babulfath \u00e4r dotter till den iransk-f\u00f6dda svenska brottaren Mohammad Babulfath, som t\u00e4vlade i sommar-OS 2004 i Aten, samt den svenska brottaren Ida Hellstr\u00f6m, som har vunnit flera medaljer vid v\u00e4rldsm\u00e4sterskapen i brottning. Tara Babulfath t\u00e4vlar f\u00f6r Sverige i judokategorin under 48 kilo och har flera medaljer fr\u00e5n juniorv\u00e4rldsm\u00e4sterskapen och junior-europeiska m\u00e4sterskapen. Under seniorv\u00e4rldsm\u00e4sterskapen i [&hellip;]\" \/>\n<meta property=\"og:url\" content=\"https:\/\/hakansonunited.se\/sv\/athletes\/tara-babulfath\/\" \/>\n<meta property=\"og:site_name\" content=\"H\u00e5kanson United\" \/>\n<meta property=\"article:publisher\" content=\"https:\/\/www.facebook.com\/HakansonUnited\/\" \/>\n<meta property=\"article:modified_time\" content=\"2025-02-04T12:13:18+00:00\" \/>\n<meta property=\"og:image\" content=\"https:\/\/hakansonunited.se\/wp-content\/uploads\/2024\/11\/athletes-tara-babulfath-header-2048px-x-980px-95p.jpg\" \/>\n\t<meta property=\"og:image:width\" content=\"2048\" \/>\n\t<meta property=\"og:image:height\" content=\"979\" \/>\n\t<meta property=\"og:image:type\" content=\"image\/jpeg\" \/>\n<meta name=\"twitter:card\" content=\"summary_large_image\" \/>\n<meta name=\"twitter:label1\" content=\"Ber\u00e4knad l\u00e4stid\" \/>\n\t<meta name=\"twitter:data1\" content=\"1 minut\" \/>\n<script type=\"application\/ld+json\" class=\"yoast-schema-graph\">{\"@context\":\"https:\\\/\\\/schema.org\",\"@graph\":[{\"@type\":\"WebPage\",\"@id\":\"https:\\\/\\\/hakansonunited.se\\\/sv\\\/athletes\\\/tara-babulfath\\\/\",\"url\":\"https:\\\/\\\/hakansonunited.se\\\/sv\\\/athletes\\\/tara-babulfath\\\/\",\"name\":\"Tara Babulfath - H\u00e5kanson United\",\"isPartOf\":{\"@id\":\"https:\\\/\\\/hakansonunited.se\\\/sv\\\/#website\"},\"primaryImageOfPage\":{\"@id\":\"https:\\\/\\\/hakansonunited.se\\\/sv\\\/athletes\\\/tara-babulfath\\\/#primaryimage\"},\"image\":{\"@id\":\"https:\\\/\\\/hakansonunited.se\\\/sv\\\/athletes\\\/tara-babulfath\\\/#primaryimage\"},\"thumbnailUrl\":\"https:\\\/\\\/hakansonunited.se\\\/wp-content\\\/uploads\\\/2024\\\/11\\\/athletes-tara-babulfath-header-2048px-x-980px-95p.jpg\",\"datePublished\":\"2024-11-27T12:40:53+00:00\",\"dateModified\":\"2025-02-04T12:13:18+00:00\",\"breadcrumb\":{\"@id\":\"https:\\\/\\\/hakansonunited.se\\\/sv\\\/athletes\\\/tara-babulfath\\\/#breadcrumb\"},\"inLanguage\":\"sv-SE\",\"potentialAction\":[{\"@type\":\"ReadAction\",\"target\":[\"https:\\\/\\\/hakansonunited.se\\\/sv\\\/athletes\\\/tara-babulfath\\\/\"]}]},{\"@type\":\"ImageObject\",\"inLanguage\":\"sv-SE\",\"@id\":\"https:\\\/\\\/hakansonunited.se\\\/sv\\\/athletes\\\/tara-babulfath\\\/#primaryimage\",\"url\":\"https:\\\/\\\/hakansonunited.se\\\/wp-content\\\/uploads\\\/2024\\\/11\\\/athletes-tara-babulfath-header-2048px-x-980px-95p.jpg\",\"contentUrl\":\"https:\\\/\\\/hakansonunited.se\\\/wp-content\\\/uploads\\\/2024\\\/11\\\/athletes-tara-babulfath-header-2048px-x-980px-95p.jpg\",\"width\":2048,\"height\":979,\"caption\":\"Foto: Meli Petersson Ellafi \\\/ Bildbyr\u00e5n\"},{\"@type\":\"BreadcrumbList\",\"@id\":\"https:\\\/\\\/hakansonunited.se\\\/sv\\\/athletes\\\/tara-babulfath\\\/#breadcrumb\",\"itemListElement\":[{\"@type\":\"ListItem\",\"position\":1,\"name\":\"Home\",\"item\":\"https:\\\/\\\/hakansonunited.se\\\/sv\\\/\"},{\"@type\":\"ListItem\",\"position\":2,\"name\":\"Athletes\",\"item\":\"https:\\\/\\\/hakansonunited.se\\\/sv\\\/athletes\\\/\"},{\"@type\":\"ListItem\",\"position\":3,\"name\":\"Tara Babulfath\"}]},{\"@type\":\"WebSite\",\"@id\":\"https:\\\/\\\/hakansonunited.se\\\/sv\\\/#website\",\"url\":\"https:\\\/\\\/hakansonunited.se\\\/sv\\\/\",\"name\":\"H\u00e5kanson United\",\"description\":\"We help brands do well by doing good\",\"publisher\":{\"@id\":\"https:\\\/\\\/hakansonunited.se\\\/sv\\\/#organization\"},\"potentialAction\":[{\"@type\":\"SearchAction\",\"target\":{\"@type\":\"EntryPoint\",\"urlTemplate\":\"https:\\\/\\\/hakansonunited.se\\\/sv\\\/?s={search_term_string}\"},\"query-input\":{\"@type\":\"PropertyValueSpecification\",\"valueRequired\":true,\"valueName\":\"search_term_string\"}}],\"inLanguage\":\"sv-SE\"},{\"@type\":\"Organization\",\"@id\":\"https:\\\/\\\/hakansonunited.se\\\/sv\\\/#organization\",\"name\":\"H\u00e5kanson United\",\"url\":\"https:\\\/\\\/hakansonunited.se\\\/sv\\\/\",\"logo\":{\"@type\":\"ImageObject\",\"inLanguage\":\"sv-SE\",\"@id\":\"https:\\\/\\\/hakansonunited.se\\\/sv\\\/#\\\/schema\\\/logo\\\/image\\\/\",\"url\":\"https:\\\/\\\/hakansonunited.se\\\/wp-content\\\/uploads\\\/2023\\\/01\\\/hakanson-united-logo.png\",\"contentUrl\":\"https:\\\/\\\/hakansonunited.se\\\/wp-content\\\/uploads\\\/2023\\\/01\\\/hakanson-united-logo.png\",\"width\":300,\"height\":116,\"caption\":\"H\u00e5kanson United\"},\"image\":{\"@id\":\"https:\\\/\\\/hakansonunited.se\\\/sv\\\/#\\\/schema\\\/logo\\\/image\\\/\"},\"sameAs\":[\"https:\\\/\\\/www.facebook.com\\\/HakansonUnited\\\/\"]}]}<\/script>\n<!-- \/ Yoast SEO plugin. -->","yoast_head_json":{"title":"Tara Babulfath - H\u00e5kanson United","robots":{"index":"index","follow":"follow","max-snippet":"max-snippet:-1","max-image-preview":"max-image-preview:large","max-video-preview":"max-video-preview:-1"},"canonical":"https:\/\/hakansonunited.se\/sv\/athletes\/tara-babulfath\/","og_locale":"sv_SE","og_type":"article","og_title":"Tara Babulfath - H\u00e5kanson United","og_description":"Tara Babulfath \u00e4r dotter till den iransk-f\u00f6dda svenska brottaren Mohammad Babulfath, som t\u00e4vlade i sommar-OS 2004 i Aten, samt den svenska brottaren Ida Hellstr\u00f6m, som har vunnit flera medaljer vid v\u00e4rldsm\u00e4sterskapen i brottning. Tara Babulfath t\u00e4vlar f\u00f6r Sverige i judokategorin under 48 kilo och har flera medaljer fr\u00e5n juniorv\u00e4rldsm\u00e4sterskapen och junior-europeiska m\u00e4sterskapen. Under seniorv\u00e4rldsm\u00e4sterskapen i [&hellip;]","og_url":"https:\/\/hakansonunited.se\/sv\/athletes\/tara-babulfath\/","og_site_name":"H\u00e5kanson United","article_publisher":"https:\/\/www.facebook.com\/HakansonUnited\/","article_modified_time":"2025-02-04T12:13:18+00:00","og_image":[{"width":2048,"height":979,"url":"https:\/\/hakansonunited.se\/wp-content\/uploads\/2024\/11\/athletes-tara-babulfath-header-2048px-x-980px-95p.jpg","type":"image\/jpeg"}],"twitter_card":"summary_large_image","twitter_misc":{"Ber\u00e4knad l\u00e4stid":"1 minut"},"schema":{"@context":"https:\/\/schema.org","@graph":[{"@type":"WebPage","@id":"https:\/\/hakansonunited.se\/sv\/athletes\/tara-babulfath\/","url":"https:\/\/hakansonunited.se\/sv\/athletes\/tara-babulfath\/","name":"Tara Babulfath - H\u00e5kanson United","isPartOf":{"@id":"https:\/\/hakansonunited.se\/sv\/#website"},"primaryImageOfPage":{"@id":"https:\/\/hakansonunited.se\/sv\/athletes\/tara-babulfath\/#primaryimage"},"image":{"@id":"https:\/\/hakansonunited.se\/sv\/athletes\/tara-babulfath\/#primaryimage"},"thumbnailUrl":"https:\/\/hakansonunited.se\/wp-content\/uploads\/2024\/11\/athletes-tara-babulfath-header-2048px-x-980px-95p.jpg","datePublished":"2024-11-27T12:40:53+00:00","dateModified":"2025-02-04T12:13:18+00:00","breadcrumb":{"@id":"https:\/\/hakansonunited.se\/sv\/athletes\/tara-babulfath\/#breadcrumb"},"inLanguage":"sv-SE","potentialAction":[{"@type":"ReadAction","target":["https:\/\/hakansonunited.se\/sv\/athletes\/tara-babulfath\/"]}]},{"@type":"ImageObject","inLanguage":"sv-SE","@id":"https:\/\/hakansonunited.se\/sv\/athletes\/tara-babulfath\/#primaryimage","url":"https:\/\/hakansonunited.se\/wp-content\/uploads\/2024\/11\/athletes-tara-babulfath-header-2048px-x-980px-95p.jpg","contentUrl":"https:\/\/hakansonunited.se\/wp-content\/uploads\/2024\/11\/athletes-tara-babulfath-header-2048px-x-980px-95p.jpg","width":2048,"height":979,"caption":"Foto: Meli Petersson Ellafi \/ Bildbyr\u00e5n"},{"@type":"BreadcrumbList","@id":"https:\/\/hakansonunited.se\/sv\/athletes\/tara-babulfath\/#breadcrumb","itemListElement":[{"@type":"ListItem","position":1,"name":"Home","item":"https:\/\/hakansonunited.se\/sv\/"},{"@type":"ListItem","position":2,"name":"Athletes","item":"https:\/\/hakansonunited.se\/sv\/athletes\/"},{"@type":"ListItem","position":3,"name":"Tara Babulfath"}]},{"@type":"WebSite","@id":"https:\/\/hakansonunited.se\/sv\/#website","url":"https:\/\/hakansonunited.se\/sv\/","name":"H\u00e5kanson United","description":"We help brands do well by doing good","publisher":{"@id":"https:\/\/hakansonunited.se\/sv\/#organization"},"potentialAction":[{"@type":"SearchAction","target":{"@type":"EntryPoint","urlTemplate":"https:\/\/hakansonunited.se\/sv\/?s={search_term_string}"},"query-input":{"@type":"PropertyValueSpecification","valueRequired":true,"valueName":"search_term_string"}}],"inLanguage":"sv-SE"},{"@type":"Organization","@id":"https:\/\/hakansonunited.se\/sv\/#organization","name":"H\u00e5kanson United","url":"https:\/\/hakansonunited.se\/sv\/","logo":{"@type":"ImageObject","inLanguage":"sv-SE","@id":"https:\/\/hakansonunited.se\/sv\/#\/schema\/logo\/image\/","url":"https:\/\/hakansonunited.se\/wp-content\/uploads\/2023\/01\/hakanson-united-logo.png","contentUrl":"https:\/\/hakansonunited.se\/wp-content\/uploads\/2023\/01\/hakanson-united-logo.png","width":300,"height":116,"caption":"H\u00e5kanson United"},"image":{"@id":"https:\/\/hakansonunited.se\/sv\/#\/schema\/logo\/image\/"},"sameAs":["https:\/\/www.facebook.com\/HakansonUnited\/"]}]}},"_links":{"self":[{"href":"https:\/\/hakansonunited.se\/sv\/wp-json\/wp\/v2\/athletes\/1991","targetHints":{"allow":["GET"]}}],"collection":[{"href":"https:\/\/hakansonunited.se\/sv\/wp-json\/wp\/v2\/athletes"}],"about":[{"href":"https:\/\/hakansonunited.se\/sv\/wp-json\/wp\/v2\/types\/athletes"}],"wp:featuredmedia":[{"embeddable":true,"href":"https:\/\/hakansonunited.se\/sv\/wp-json\/wp\/v2\/media\/1819"}],"wp:attachment":[{"href":"https:\/\/hakansonunited.se\/sv\/wp-json\/wp\/v2\/media?parent=1991"}],"curies":[{"name":"wp","href":"https:\/\/api.w.org\/{rel}","templated":true}]}}

<p>Tara Babulfath är dotter till den iransk-födda svenska brottaren Mohammad Babulfath, som tävlade i sommar-OS 2004 i Aten, samt den svenska brottaren Ida Hellström, som har vunnit flera medaljer vid världsmästerskapen i brottning. Tara Babulfath tävlar för Sverige i judokategorin under 48 kilo och har flera medaljer från juniorvärldsmästerskapen och junior-europeiska mästerskapen.</p>

<p>Under seniorvärldsmästerskapen i judo 2024 vann Tara brons trots att hon fortfarande var junior, och vid OS 2024 i Paris fick hon sitt stora genombrott när hon tog hem bronset, vilket blev Sveriges första olympiska medalj i judo.</p>

<p>Håkanson United hanterar Taras kommersiella rättigheter och samarbeten. Vänligen kontakta oss för förfrågningar om Tara Babulfath.</p>

<div class="wp-block-buttons is-layout-flex wp-block-buttons-is-layout-flex">
<div class="wp-block-button"><a class="wp-block-button__link wp-element-button" href="https://hakansonunited.se/sv/kontakt/">Kontakta oss</a></div>
</div>

<p>Tara Babulfath är dotter till den iransk-födda svenska brottaren Mohammad Babulfath, som tävlade i sommar-OS 2004 i Aten, samt den svenska brottaren Ida Hellström, som har vunnit flera medaljer vid världsmästerskapen i brottning. Tara Babulfath tävlar för Sverige i judokategorin under 48 kilo och har flera medaljer från juniorvärldsmästerskapen och junior-europeiska mästerskapen. Under seniorvärldsmästerskapen i [&hellip;]</p>

<!-- This site is optimized with the Yoast SEO plugin v27.3 - https://yoast.com/product/yoast-seo-wordpress/ -->
<title>Tara Babulfath - Håkanson United</title>
<meta name="robots" content="index, follow, max-snippet:-1, max-image-preview:large, max-video-preview:-1" />
<link rel="canonical" href="https://hakansonunited.se/sv/athletes/tara-babulfath/" />
<meta property="og:locale" content="sv_SE" />
<meta property="og:type" content="article" />
<meta property="og:title" content="Tara Babulfath - Håkanson United" />
<meta property="og:description" content="Tara Babulfath är dotter till den iransk-födda svenska brottaren Mohammad Babulfath, som tävlade i sommar-OS 2004 i Aten, samt den svenska brottaren Ida Hellström, som har vunnit flera medaljer vid världsmästerskapen i brottning. Tara Babulfath tävlar för Sverige i judokategorin under 48 kilo och har flera medaljer från juniorvärldsmästerskapen och junior-europeiska mästerskapen. Under seniorvärldsmästerskapen i [&hellip;]" />
<meta property="og:url" content="https://hakansonunited.se/sv/athletes/tara-babulfath/" />
<meta property="og:site_name" content="Håkanson United" />
<meta property="article:publisher" content="https://www.facebook.com/HakansonUnited/" />
<meta property="article:modified_time" content="2025-02-04T12:13:18+00:00" />
<meta property="og:image" content="https://hakansonunited.se/wp-content/uploads/2024/11/athletes-tara-babulfath-header-2048px-x-980px-95p.jpg" />
	<meta property="og:image:width" content="2048" />
	<meta property="og:image:height" content="979" />
	<meta property="og:image:type" content="image/jpeg" />
<meta name="twitter:card" content="summary_large_image" />
<meta name="twitter:label1" content="Beräknad lästid" />
	<meta name="twitter:data1" content="1 minut" />
<script type="application/ld+json" class="yoast-schema-graph">{"@context":"https:\/\/schema.org","@graph":[{"@type":"WebPage","@id":"https:\/\/hakansonunited.se\/sv\/athletes\/tara-babulfath\/","url":"https:\/\/hakansonunited.se\/sv\/athletes\/tara-babulfath\/","name":"Tara Babulfath - Håkanson United","isPartOf":{"@id":"https:\/\/hakansonunited.se\/sv\/#website"},"primaryImageOfPage":{"@id":"https:\/\/hakansonunited.se\/sv\/athletes\/tara-babulfath\/#primaryimage"},"image":{"@id":"https:\/\/hakansonunited.se\/sv\/athletes\/tara-babulfath\/#primaryimage"},"thumbnailUrl":"https:\/\/hakansonunited.se\/wp-content\/uploads\/2024\/11\/athletes-tara-babulfath-header-2048px-x-980px-95p.jpg","datePublished":"2024-11-27T12:40:53+00:00","dateModified":"2025-02-04T12:13:18+00:00","breadcrumb":{"@id":"https:\/\/hakansonunited.se\/sv\/athletes\/tara-babulfath\/#breadcrumb"},"inLanguage":"sv-SE","potentialAction":[{"@type":"ReadAction","target":["https:\/\/hakansonunited.se\/sv\/athletes\/tara-babulfath\/"]}]},{"@type":"ImageObject","inLanguage":"sv-SE","@id":"https:\/\/hakansonunited.se\/sv\/athletes\/tara-babulfath\/#primaryimage","url":"https:\/\/hakansonunited.se\/wp-content\/uploads\/2024\/11\/athletes-tara-babulfath-header-2048px-x-980px-95p.jpg","contentUrl":"https:\/\/hakansonunited.se\/wp-content\/uploads\/2024\/11\/athletes-tara-babulfath-header-2048px-x-980px-95p.jpg","width":2048,"height":979,"caption":"Foto: Meli Petersson Ellafi \/ Bildbyrån"},{"@type":"BreadcrumbList","@id":"https:\/\/hakansonunited.se\/sv\/athletes\/tara-babulfath\/#breadcrumb","itemListElement":[{"@type":"ListItem","position":1,"name":"Home","item":"https:\/\/hakansonunited.se\/sv\/"},{"@type":"ListItem","position":2,"name":"Athletes","item":"https:\/\/hakansonunited.se\/sv\/athletes\/"},{"@type":"ListItem","position":3,"name":"Tara Babulfath"}]},{"@type":"WebSite","@id":"https:\/\/hakansonunited.se\/sv\/#website","url":"https:\/\/hakansonunited.se\/sv\/","name":"Håkanson United","description":"We help brands do well by doing good","publisher":{"@id":"https:\/\/hakansonunited.se\/sv\/#organization"},"potentialAction":[{"@type":"SearchAction","target":{"@type":"EntryPoint","urlTemplate":"https:\/\/hakansonunited.se\/sv\/?s={search_term_string}"},"query-input":{"@type":"PropertyValueSpecification","valueRequired":true,"valueName":"search_term_string"}}],"inLanguage":"sv-SE"},{"@type":"Organization","@id":"https:\/\/hakansonunited.se\/sv\/#organization","name":"Håkanson United","url":"https:\/\/hakansonunited.se\/sv\/","logo":{"@type":"ImageObject","inLanguage":"sv-SE","@id":"https:\/\/hakansonunited.se\/sv\/#\/schema\/logo\/image\/","url":"https:\/\/hakansonunited.se\/wp-content\/uploads\/2023\/01\/hakanson-united-logo.png","contentUrl":"https:\/\/hakansonunited.se\/wp-content\/uploads\/2023\/01\/hakanson-united-logo.png","width":300,"height":116,"caption":"Håkanson United"},"image":{"@id":"https:\/\/hakansonunited.se\/sv\/#\/schema\/logo\/image\/"},"sameAs":["https:\/\/www.facebook.com\/HakansonUnited\/"]}]}</script>
<!-- / Yoast SEO plugin. -->

Tara Babulfath - Håkanson United

Tara Babulfath är dotter till den iransk-födda svenska brottaren Mohammad Babulfath, som tävlade i sommar-OS 2004 i Aten, samt den svenska brottaren Ida Hellström, som har vunnit flera medaljer vid världsmästerskapen i brottning. Tara Babulfath tävlar för Sverige i judokategorin under 48 kilo och har flera medaljer från juniorvärldsmästerskapen och junior-europeiska mästerskapen. Under seniorvärldsmästerskapen i [&hellip;]

Håkanson United

Foto: Meli Petersson Ellafi / Bildbyrån
